{"id":140,"date":"2025-04-09T21:19:07","date_gmt":"2025-04-09T21:19:07","guid":{"rendered":"https:\/\/lp.top-site.com.ua\/?post_type=product&#038;p=140"},"modified":"2025-04-12T20:01:58","modified_gmt":"2025-04-12T20:01:58","slug":"robe-de-mariee-lana","status":"publish","type":"product","link":"https:\/\/lammariparis.com\/?product=robe-de-mariee-lana","title":{"rendered":"Robe de mari\u00e9e Lana"},"content":{"rendered":"","protected":false},"excerpt":{"rendered":"<p>D\u00e9couvrez notre robe haute couture, con\u00e7ue avec des mat\u00e9riaux artisanaux et des tissus de luxe.<br \/>\n\u2728 Bustier enti\u00e8rement perl\u00e9e \u00e0 la main pour un \u00e9clat unique.<br \/>\nManches 3\/4 \u00e9l\u00e9gantes et sophistiqu\u00e9e .<br \/>\nTr\u00e8s belle jupe scintillante.<\/p>\n","protected":false},"featured_media":250,"comment_status":"open","ping_status":"closed","template":"","meta":[],"product_cat":[22],"product_tag":[],"class_list":{"0":"post-140","1":"product","2":"type-product","3":"status-publish","4":"has-post-thumbnail","6":"product_cat-la-vie-rose","8":"first","9":"instock","10":"shipping-taxable","11":"product-type-simple"},"_links":{"self":[{"href":"https:\/\/lammariparis.com\/index.php?rest_route=\/wp\/v3\/product\/140","targetHints":{"allow":["GET"]}}],"collection":[{"href":"https:\/\/lammariparis.com\/index.php?rest_route=\/wp\/v3\/product"}],"about":[{"href":"https:\/\/lammariparis.com\/index.php?rest_route=\/wp\/v2\/types\/product"}],"replies":[{"embeddable":true,"href":"https:\/\/lammariparis.com\/index.php?rest_route=%2Fwp%2Fv2%2Fcomments&post=140"}],"wp:featuredmedia":[{"embeddable":true,"href":"https:\/\/lammariparis.com\/index.php?rest_route=\/wp\/v2\/media\/250"}],"wp:attachment":[{"href":"https:\/\/lammariparis.com\/index.php?rest_route=%2Fwp%2Fv2%2Fmedia&parent=140"}],"wp:term":[{"taxonomy":"product_cat","embeddable":true,"href":"https:\/\/lammariparis.com\/index.php?rest_route=%2Fwp%2Fv2%2Fproduct_cat&post=140"},{"taxonomy":"product_tag","embeddable":true,"href":"https:\/\/lammariparis.com\/index.php?rest_route=%2Fwp%2Fv2%2Fproduct_tag&post=140"}],"curies":[{"name":"wp","href":"https:\/\/api.w.org\/{rel}","templated":true}]}}