{"id":154,"date":"2025-04-09T21:19:35","date_gmt":"2025-04-09T21:19:35","guid":{"rendered":"https:\/\/lp.top-site.com.ua\/?post_type=product&#038;p=154"},"modified":"2025-04-12T20:08:50","modified_gmt":"2025-04-12T20:08:50","slug":"robe-de-mariee-lya","status":"publish","type":"product","link":"https:\/\/lammariparis.com\/?product=robe-de-mariee-lya","title":{"rendered":"Robe de mari\u00e9e Lya"},"content":{"rendered":"","protected":false},"excerpt":{"rendered":"<p>Robe Boh\u00e8me Chic<\/p>\n<p>Embrassez le style boh\u00e8me avec notre robe bustier en dentelle florale 3D.<\/p>\n<p>D\u00e9collet\u00e9 profond et dos nu pour une allure romantique.<br \/>\nJupe en mousseline fluide, fondue pour une l\u00e9g\u00e8ret\u00e9 et un mouvement parfaits.<\/p>\n<p>Id\u00e9ale pour une mari\u00e9e \u00e0 la recherche d&rsquo;un look \u00e0 la fois chic et d\u00e9contract\u00e9 !<\/p>\n","protected":false},"featured_media":258,"comment_status":"open","ping_status":"closed","template":"","meta":[],"product_cat":[22],"product_tag":[],"class_list":{"0":"post-154","1":"product","2":"type-product","3":"status-publish","4":"has-post-thumbnail","6":"product_cat-la-vie-rose","8":"first","9":"instock","10":"shipping-taxable","11":"product-type-simple"},"_links":{"self":[{"href":"https:\/\/lammariparis.com\/index.php?rest_route=\/wp\/v3\/product\/154","targetHints":{"allow":["GET"]}}],"collection":[{"href":"https:\/\/lammariparis.com\/index.php?rest_route=\/wp\/v3\/product"}],"about":[{"href":"https:\/\/lammariparis.com\/index.php?rest_route=\/wp\/v2\/types\/product"}],"replies":[{"embeddable":true,"href":"https:\/\/lammariparis.com\/index.php?rest_route=%2Fwp%2Fv2%2Fcomments&post=154"}],"wp:featuredmedia":[{"embeddable":true,"href":"https:\/\/lammariparis.com\/index.php?rest_route=\/wp\/v2\/media\/258"}],"wp:attachment":[{"href":"https:\/\/lammariparis.com\/index.php?rest_route=%2Fwp%2Fv2%2Fmedia&parent=154"}],"wp:term":[{"taxonomy":"product_cat","embeddable":true,"href":"https:\/\/lammariparis.com\/index.php?rest_route=%2Fwp%2Fv2%2Fproduct_cat&post=154"},{"taxonomy":"product_tag","embeddable":true,"href":"https:\/\/lammariparis.com\/index.php?rest_route=%2Fwp%2Fv2%2Fproduct_tag&post=154"}],"curies":[{"name":"wp","href":"https:\/\/api.w.org\/{rel}","templated":true}]}}