{"id":155,"date":"2025-04-09T21:19:36","date_gmt":"2025-04-09T21:19:36","guid":{"rendered":"https:\/\/lp.top-site.com.ua\/?post_type=product&#038;p=155"},"modified":"2025-04-12T20:10:21","modified_gmt":"2025-04-12T20:10:21","slug":"robe-de-mariee-samantha","status":"publish","type":"product","link":"https:\/\/lammariparis.com\/?product=robe-de-mariee-samantha","title":{"rendered":"Robe de mari\u00e9e Samantha"},"content":{"rendered":"","protected":false},"excerpt":{"rendered":"<p>Robe Courte Id\u00e9ale pour Mariage Civil<\/p>\n<p>D\u00e9couvrez notre robe courte, parfaite pour un mariage civil.<\/p>\n<p>Bustier en dentelle d\u00e9licate, alliant \u00e9l\u00e9gance et modernit\u00e9.<\/p>\n<p>Coupe courte devant et longue derri\u00e8re pour un effet asym\u00e9trique chic.<\/p>\n","protected":false},"featured_media":260,"comment_status":"open","ping_status":"closed","template":"","meta":[],"product_cat":[22],"product_tag":[],"class_list":{"0":"post-155","1":"product","2":"type-product","3":"status-publish","4":"has-post-thumbnail","6":"product_cat-la-vie-rose","8":"first","9":"instock","10":"shipping-taxable","11":"product-type-simple"},"_links":{"self":[{"href":"https:\/\/lammariparis.com\/index.php?rest_route=\/wp\/v3\/product\/155","targetHints":{"allow":["GET"]}}],"collection":[{"href":"https:\/\/lammariparis.com\/index.php?rest_route=\/wp\/v3\/product"}],"about":[{"href":"https:\/\/lammariparis.com\/index.php?rest_route=\/wp\/v2\/types\/product"}],"replies":[{"embeddable":true,"href":"https:\/\/lammariparis.com\/index.php?rest_route=%2Fwp%2Fv2%2Fcomments&post=155"}],"wp:featuredmedia":[{"embeddable":true,"href":"https:\/\/lammariparis.com\/index.php?rest_route=\/wp\/v2\/media\/260"}],"wp:attachment":[{"href":"https:\/\/lammariparis.com\/index.php?rest_route=%2Fwp%2Fv2%2Fmedia&parent=155"}],"wp:term":[{"taxonomy":"product_cat","embeddable":true,"href":"https:\/\/lammariparis.com\/index.php?rest_route=%2Fwp%2Fv2%2Fproduct_cat&post=155"},{"taxonomy":"product_tag","embeddable":true,"href":"https:\/\/lammariparis.com\/index.php?rest_route=%2Fwp%2Fv2%2Fproduct_tag&post=155"}],"curies":[{"name":"wp","href":"https:\/\/api.w.org\/{rel}","templated":true}]}}